h?
4
Let r be (34 - 30)/((-1)/(-118)). Suppose -4*n - 48 = -r. What is the hundreds digit of n?
1
What is the units digit of (-1450)/(-5)*1 + (-6)/2?
7
Suppose 2*b = -20 + 124. Let x = b + 3. What is the tens digit of x?
5
Suppose -2*t - x - 9239 = -5*t, -3*x = 6. What is the units digit of t?
9
Let x(w) = -2. Let y(q) = -q - 3. Let n(d) = -4*x(d) + 3*y(d). Let t be n(-2). Suppose -5*o + t*a = -155, -2*a = -5*o + 225 - 82. What is the units digit of o?
7
Suppose 0 = 15*j - 1065 - 1905. What is the tens digit of j?
9
Let v = 3266 - 1514. What is the tens digit of v?
5
Let v(n) = -n**3 - 2*n**2 - 2*n + 3. Let p be v(0). What is the tens digit of (-822)/(-12) + 2 + p/(-2)?
6
Let s(x) = -2*x - 2. Let d be s(-9). Suppose 4*f + d = 4*u, 0*f = 5*u - 4*f - 20. What is the tens digit of 6/(-4) + 118/u?
2
Let m = 87 - 82. Let a(b) = 3*b**3 - 6*b**2 - 10*b + 54. What is the hundreds digit of a(m)?
2
Let l(r) = -r**2 + 4*r + 8. Let o(x) = 3*x**2 + 4*x + 3. Let h be o(-2). Let t be l(h). Let v(c) = c**3 + 13*c**2 + 18. What is the tens digit of v(t)?
1
Let o(x) = 4*x**3 - 5*x**2 + 4*x - 9. Let a(m) = -9*m**3 + 9*m**2 - 9*m + 19. Let n(j) = 3*a(j) + 7*o(j). What is the units digit of n(8)?
2
Let c(a) = -1004*a**3 + 4*a**2 + a - 1. What is the thousands digit of c(-1)?
1
Let c(a) = 6*a**3 - 14*a**2 + 18*a - 6. What is the tens digit of c(5)?
8
Let q(r) = -4*r**3 - 6*r**2 + 55*r + 13. What is the units digit of q(-6)?
1
Let c = 11 + 22. Suppose c + 11 = 2*q. What is the tens digit of q?
2
Let o(l) = -l**3 - 7*l**2 - 7*l - 2. Let t be o(-6). Let x = t + 40. What is the units digit of x?
4
Let q = 189 + 686. What is the hundreds digit of q?
8
Let n(k) = -k**3 - 9*k**2 + 12*k + 25. Let p be n(-10). Let m = -9 + p. What is the units digit of (4/(-2))/(m/50)?
5
Let i be (24/28)/((-2)/(-28)). What is the units digit of 153/i + 3/12?
3
Suppose 11141 = 4*m - 3*g, -19*g + 21*g + 13921 = 5*m. What is the units digit of m?
3
Suppose 291 = u + 93. Let t = -111 + u. What is the tens digit of t?
8
Let m(d) = 796*d + 106. What is the units digit of m(3)?
4
Suppose 17*k + 570 = 23860. What is the tens digit of k?
7
Let g = 1502 - 1160. What is the units digit of g?
2
Suppose 0 = -46*l + 40735 + 86731. What is the units digit of l?
1
Suppose -5*p + l = -14 - 457, 4*l + 474 = 5*p. Let g = p + -67. What is the units digit of g?
7
Let r(j) = j**2 - 11*j + 19. Let n be r(9). Suppose n = -b, 5*i - 4*i - b = -22. Let y = 26 + i. What is the units digit of y?
3
Let t = 49 + -7. Suppose 3*c - 6 - t = 0. Suppose 3*p = 32 + c. What is the tens digit of p?
1
Let z = 63 + -61. What is the units digit of z?
2
Suppose -5*r - c = -3*c - 5643, r + 4*c - 1111 = 0. What is the hundreds digit of r?
1
Suppose -3*g - 2*b + 65 = 0, 2*g = 5*g + 4*b - 55. Let d = g - 23. Suppose -c = -4*q - 48, -c + 0*c - d*q + 36 = 0. What is the tens digit of c?
4
What is the hundreds digit of 4 - (-297 - (2 - 1))?
3
Let l = 2403 + -570. What is the thousands digit of l?
1
Suppose 3 = 2*q + 1. Suppose 2*n - q = 3. Suppose -n*x + 40 = 12. What is the units digit of x?
4
Let r = -363 + 33. Let c = r - -462. What is the tens digit of c?
3
Suppose l - 2 = -u, -3*l - 24 = u - 4*u. What is the units digit of 31 - (l - (0 - (1 - -2)))?
1
Suppose 5*o = 3*d - 12 + 1, -5*o = -5*d + 15. What is the units digit of 3*d/(-4)*(-100)/6?
5
Let f = -65 - -198. Let s = 53 - f. Let d = -28 - s. What is the units digit of d?
2
Let r = -98 - -102. Suppose -r*n - 786 = -7*n + 3*w, -4*n = -w - 1063. What is the hundreds digit of n?
2
Suppose 0 = -u - 5*s + 575, -2*u - 17*s = -20*s - 1137. What is the tens digit of u?
7
What is the hundreds digit of 771*(-87)/(-27) + 12/18?
4
Suppose 9 + 7 = 2*a - 4*w, 3*a + 4*w = 14. Let q(c) be the second derivative of 7*c**3/6 - c**2/2 + 41*c + 1. What is the tens digit of q(a)?
4
Let x(y) = y**3 + 12*y**2 - 4*y - 28. Let b be x(-12). Let v(k) = -k**2 + 20*k + 10. What is the units digit of v(b)?
0
Let w(c) = -c**2 - 2*c + 3. Let f be w(-3). Suppose -y - 4*u + 87 = f, -y + u + 111 - 44 = 0. What is the tens digit of y?
7
Let g(c) = -7*c - 2. Let h be g(-3). Let t(f) = 11*f - h*f - f**2 - 1 - 4*f. What is the units digit of t(-6)?
5
Let t = 3 - 136. Let f = t + 186. What is the tens digit of f?
5
Let y(g) = 3*g**2 - 6*g - 4. Let u be y(-6). Let b = u + -31. What is the units digit of b?
9
Suppose 0 = -6*b + 7*b - 308. Suppose 3*k - b = 148. Suppose -u + 3*u + k = 4*j, 3*j = -u + 124. What is the units digit of j?
0
Suppose -3*q = -5*f + 5132, -46*f + 3*q = -45*f - 1036. What is the tens digit of f?
2
What is the hundreds digit of 6 + 267*56/24?
6
Suppose 0 = -4*d + 2*m - 42, -4*m = -5*d - 66 + 18. Let x be ((-75)/d)/((-1)/16). Let u = -68 - x. What is the units digit of u?
2
Let o(v) = 2*v + 4. Let n be o(3). Suppose 0 = -2*p - 0*t - 2*t - 24, 0 = 5*p + 2*t + 54. What is the tens digit of ((-52)/p)/(4/n)?
1
Suppose -4*m = -5*y + 559, -2*y + 562 = -m - 3*m. What is the units digit of 6/(-12)*(m + -1)?
1
Let u(y) = y**3 + 9*y**2 - 9*y - 1. Let c(s) = -2*s**3 - 9*s**2 + 9*s. Let i(f) = 2*c(f) + 3*u(f). What is the units digit of i(3)?
4
What is the hundreds digit of -2*(801/(-3) + 1)?
5
Let r(c) = -c**2 - 6*c - 6. Let i be r(-4). Suppose -32 = 5*h - i. What is the units digit of 1980/27 + 2/h?
3
Suppose -i - 5 = -0. Let w = -1 - i. Let k(u) = 6*u - 1. What is the units digit of k(w)?
3
Suppose -5*o = -119 + 104. Let a(l) = 3*l**2 + 3*l - 7. Let g(f) = -7*f**2 - 6*f + 15. Let m(k) = -13*a(k) - 6*g(k). What is the tens digit of m(o)?
1
Let s be (4 + -1)/(12/8). Suppose 1 = s*i - 9. Let j = i + 3. What is the units digit of j?
8
Let r(x) = -2*x + 7. Let s = -18 - -31. Let z be r(s). Let f = z - -21. What is the units digit of f?
2
Let a(q) = q**3 + 3*q**2 - 4*q. Let n be a(3). Let k be (4 + -4)/(-7 + 4). Suppose -3*j = -k*j - n. What is the tens digit of j?
1
Let z(j) = 2*j**2 - 3*j + 3. Let u be z(3). Let o = u + -8. Suppose -o*i + 149 = -39. What is the units digit of i?
7
Let g(c) = 11*c - 24. Let b be g(-15). What is the units digit of (26/(-3))/(42/b)?
9
Let d = -2 + 8. Suppose d*v - v - 15 = 0. Suppose 3*s - v = 3. What is the units digit of s?
2
Let f be (-68)/5 - (-18)/(-45). Let z = -34 - -9. Let d = f - z. What is the units digit of d?
1
Let d(b) = -b**3 + 6*b**2 + 5*b + 11. Let i be d(7). What is the tens digit of 260/(1 - i) - (-6 + 3)?
6
What is the tens digit of 1 - ((-29)/2)/((-20)/(-1320))?
5
What is the units digit of (-7 + 10 - -2355)*(-2)/(-6)?
6
Let c(v) = 3*v**2 + 27*v - 9. Suppose i + 4*w = -17, 8*i + 4*w + 56 = 4*i. What is the tens digit of c(i)?
4
Suppose -217*a + 212*a = -16055. What is the thousands digit of a?
3
Let y be 105 + (8/6)/(16/36). Let s = -41 - -100. Let m = y - s. What is the units digit of m?
9
Let u be 445 - (4/(-1) - -3). What is the tens digit of (-40)/30 - u/(-6)?
7
What is the tens digit of (-17507)/(-12) - (-33)/396?
5
Let v(f) = f + 8. Let h(a) = -a + 1. Let t be h(4). Let m(s) = -s - 4. Let x(o) = t*v(o) - 5*m(o). What is the units digit of x(7)?
0
Let q = 5 - -6. Let g = 14 - q. Suppose g*z + 84 - 288 = 0. What is the tens digit of z?
6
Let q(r) = -10*r - 1. Let n(b) = -6*b - 2. Let d be n(1). Let m be q(d). Suppose -5*v + 161 + m = 0. What is the tens digit of v?
4
Let t = 692 + -313. What is the tens digit of t?
7
Suppose 2*v = 3*z + 984, -7*v - 3*z = -3*v - 2004. What is the tens digit of v?
9
Let z(f) = -f**3 + 2*f**2 + 10*f + 9. What is the units digit of z(-4)?
5
Let s(n) = -14*n**2 - 84*n - 10. What is the tens digit of s(-5)?
6
Suppose 28*b - 23*b = 105. Suppose b*v - 494 = 19*v. What is the hundreds digit of v?
2
Let d(b) = 14*b + 56. Let t(a) = 5*a + 19. Let l(y) = 6*d(y) - 17*t(y). What is the tens digit of l(-8)?
2
Let o(q) = 4*q + 2. Let s be o(-4). Let h = s + -6. What is the tens digit of (-2 - 3)/(4/h)?
2
Let h(y) = -157*y + 5. What is the hundreds digit of h(-4)?
6
Let u = 10 + -6. Suppose -5*w = 4*k + 10, -4*w - 3*k - 7 = -0*k. Suppose w = u*y - 58. What is the tens digit of y?
1
Let p(b) = 16*b - 22. Let l = -52 - -60. What is the tens digit of p(l)?
0
Suppose 5*r - 7*r + 2*k = -1454, -5*k = 4*r - 2944. What is the tens digit of r?
3
Let p(j) = j**3 + 20*j**2 + 15*j - 40. Let l = 61 + -80. What is the tens digit of p(l)?
3
Let p = -3245